 4*o - w + 27. Let n(y) = -y**2 - 8*y - 9. Calculate n(o).
3
Let x(l) = l + 7. Suppose 0*s - 4*b + 6 = 2*s, -b = 5*s - 15. Let q(g) = 2*g - 4. Let d be q(3). Let a be s/(2/2 - d). Determine x(a).
4
Let p(b) = -b**3 + b**2 + b - 15. Let c = 135 - 135. Calculate p(c).
-15
Let a(c) = 3*c. Let p(k) = -5*k + 1. Let b = -6 + 9. Let x = -1 - b. Let h(v) = x*p(v) - 7*a(v). Calculate h(-4).
0
Let v be ((-1)/2)/((-2)/(-44)). Let c(g) = -3*g + 3. Let r(u) = u. Let a(z) = -16*z + 16. Let x(j) = -a(j) - 2*r(j). Let o(y) = v*c(y) - 2*x(y). What is o(2)?
9
Suppose 20 = -5*r, -2*n - 5*r = -7*n + 45. Let p(o) = o**3 - 2*o**2 - 5*o - 9. Let x(c) = c**3 - c**2 - 4*c - 8. Let f(j) = n*p(j) - 6*x(j). What is f(-4)?
7
Let d(i) = i**3 + i**2 + 6*i**2 - 4 + 1 - 5*i + 10*i. Let p be d(-5). Suppose a = 5, w - 4*a = a - p. Let g(j) = -j**2 + 3*j - 4. Determine g(w).
-4
Let a(w) = -w**2 + 1. Let u(j) = -j**3 - 8*j**2 - 6*j - 5. Let s be u(-7). Let z = s - -10. What is a(z)?
-3
Suppose 5*x - 23 = -8. Suppose -4*g + 44 = -v, -5*v + 0 = -x*g + 33. Let f(n) = -8*n + g*n + 1 + 2. What is f(-3)?
-6
Let m(i) = -4*i**2 + 6*i + 8. Let n(c) = 3*c**2 - 6*c - 9. Let d(s) = 2*m(s) + 3*n(s). What is d(8)?
5
Let b(l) = 4*l - l + l - 1. Let f(n) = -7*n - 1. Let k be f(-1). Let y be 0 - 1*k/(-3). What is b(y)?
7
Let o(q) = 13*q**2 - 2*q - 1 - 27*q**2 + 10*q**2. Determine o(-2).
-13
Let v(i) be the second derivative of -i**6/120 + i**5/10 - i**4/24 - i**3/6 - 3*i**2 + 4*i. Let d(q) be the first derivative of v(q). Give d(6).
-7
Let k(r) = -r + 1. Let s be 0 + -1 - (1 - -1). Let v(p) = p + 4. Let n be v(-5). Let w = s + n. What is k(w)?
5
Suppose 2*k = 5 - 1. Let i(x) = 2*x - 2 + k + 1. Give i(-3).
-5
Let m(y) = y**3 + y**2 - 9. Let i = 9 - -3. Let r = -12 + i. Determine m(r).
-9
Let o(j) = -2*j + 3. Let f(l) = 2*l + 5. Let r be f(-5). Let n = 0 - r. Determine o(n).
-7
Let q = 6 + -4. Let w(d) = -2*d**2 + d**2 + 2*d**2 - 2*d**q + 7. Give w(0).
7
Let a be (-2)/(-10) - 48/(-10). Let w(t) = 4*t + 28. Let q(f) = f + 9. Let v(x) = 10*q(x) - 3*w(x). What is v(a)?
-4
Let i = 1 - -1. Let r(s) = 6 - 5 - 4*s - i. Let w be 48/22 - (-2)/(-11). What is r(w)?
-9
Let b(i) = -5*i - 1. Let n(k) = k**2 + 2*k + 1. Suppose -j = j + 4*c + 12, 16 = -5*j - 3*c. Let t be n(j). Let y be (1 + t)*(-3)/6. Calculate b(y).
4
Suppose -w - 2 = w - 4*r, -2*r = 4*w + 14. Let n(d) = 2*d**3 - 5*d**2 + 2*d - 3. Let s(h) = -3*h**3 + 6*h**2 - 2*h + 3. Let k(v) = 4*n(v) + 3*s(v). Give k(w).
0
Let x(f) = 5*f**3 - 36*f**2 + 5*f - 36. Let d(r) = -r**3 + 7*r**2 - r + 7. Let m(l) = -11*d(l) - 2*x(l). What is m(4)?
-17
Let y(b) = -b**3 + b - 2*b - 6 - b**2 + 3. Suppose 0 = -2*j + 3*f + 12, -j = -5*f + 2*f - 6. Let s be j/15*5 - 2. Give y(s).
-3
Let p(l) be the third derivative of 0*l + 0 - 1/6*l**4 - l**2 - 1/30*l**5 - 1/3*l**3. Let y = 0 - 2. Give p(y).
-2
Let f(s) = -s + 1. Suppose 0 = 3*a - 2*a. Let m = a - -4. What is f(m)?
-3
Let l(x) = -2*x - 2. Let k(m) = m + 1. Let y(z) = -5*k(z) - 2*l(z). Calculate y(-4).
3
Let g(o) = o**3 - 2*o**2 - 6*o + 2. Let s = 33 + -29. Determine g(s).
10
Suppose -3*h = -4*a - 23 - 5, 24 = -5*a + h. Let i(u) = -u + 11*u**2 - 6*u**2 + u**3 + 4*u + 1. Calculate i(a).
5
Let r(o) = 4*o**2 - 3*o**2 + 4*o + 46 - 124 + 39 + 38. Suppose -3*u + 8*u - 20 = 0. Suppose -u*j + 0*j - 23 = 5*a, 1 = a - 2*j. Calculate r(a).
-4
Let w be -1 + 15/3 + -1. Let z(j) be the first derivative of -1 - 4/3*j**3 + 5/2*j**2 + 1/4*j**4 - 3*j. What is z(w)?
3
Let i(f) be the first derivative of -f**5/120 - f**4/24 - f**3/3 + 3. Let t(u) be the third derivative of i(u). Give t(-5).
4
Let x(v) = -v**2 + 3*v + 5. Let l(w) = w**2 - 4*w - 4. Let t(m) = -4*l(m) - 3*x(m). Give t(6).
7
Let g(j) = j + 5. Let s be g(-5). Let x(d) = 12 + d - d - d. Determine x(s).
12
Let t(s) be the second derivative of -s**7/2520 + s**6/180 + s**5/30 - 5*s**4/6 - 9*s. Let x(c) be the third derivative of t(c). What is x(6)?
-8
Let x(f) = f**2 + 4*f + 6. Let w be (-2)/6*(-15 + 3). Suppose h = -4*k - 7, -w*h + 14 = k + k. Suppose -16 = -c + h*c. Determine x(c).
6
Suppose -f = 4*n - 19, 2*f - 5 = -2*n - 3*f. Let t(s) = s - 11. Give t(n).
-6
Let k(s) be the third derivative of -s**4/24 - 7*s**3/6 + s**2. Let z = 12 - 18. Give k(z).
-1
Let g(s) = 12*s + 8. Let a(y) = -48*y - 33. Let d(b) = 5*a(b) + 21*g(b). Calculate d(-2).
-21
Let k(g) = -g - 2. Let d(u) = -u**3 + 9*u**2 - u + 9. Let n be d(9). Determine k(n).
-2
Let s(k) = 4 - 2*k + 0*k**2 - 5*k**2 + 3*k**2. Calculate s(-3).
-8
Let o(v) = -5*v**2 + 2. Let w(f) = 10*f**2 - f - 2. Let m(i) = 9*i**2 - i - 1. Let d(h) = 4*m(h) - 5*w(h). Let s(a) = 6*d(a) - 17*o(a). Give s(-4).
-6
Let w(b) = -4*b - 15 - 1 + 5 + 3*b. Give w(0).
-11
Let j(k) = -k + 1. Let r(o) = -8*o + 3. Let v = 14 - 8. Let g(d) = v*j(d) - r(d). Calculate g(-5).
-7
Let b(j) = -j**2 + 8*j - 4. Let f be b(7). Let w(x) = 3*x - 5. Let c(d) = d - 2. Let q(y) = f*w(y) - 8*c(y). Determine q(4).
5
Let n(d) be the first derivative of -d**2 + d + 1. Let w be 0/(-1) + (-6)/(-2). Suppose -p + 5*q + 23 = 0, -w*p + 9 = -5*p - q. Determine n(p).
5
Let s(x) = 0*x**3 - 5 + 7*x**3 - x**2 - x - 3*x**3. Let p(n) = -5*n**3 + 2*n**2 + n + 6. Let d(w) = 5*p(w) + 6*s(w). What is d(2)?
6
Let f(g) be the third derivative of -g**5/20 + g**4/8 + g**2. Let r = -16 - -23. Let i(n) = -n**2 + n. Let d(c) = r*i(c) - 2*f(c). What is d(0)?
0
Suppose 3*s - 38 = v, -s - 3*v - v + 17 = 0. Suppose 0 = -2*h + 2*u + 3*u + 11, 3*h - s = 4*u. Let w(b) = 2*b - 3. Determine w(h).
3
Let t(o) = -2*o + 33. Let w be t(15). Let h(a) = -4*a**2 + 3*a - 1. Let c(x) = -5*x**2 + 3*x - 2. Let p(l) = -3*c(l) + 4*h(l). Calculate p(w).
2
Let v(u) = u + 14. Let f be v(-12). Let s(t) = 3*t. Let g be (1/(-3))/(1/(-12)). Let i(r) = r. Let j(w) = g*s(w) - 15*i(w). Give j(f).
-6
Let s be -2 + 0/(-2 + 0). Let d = -1 - -3. Let n(b) = -b - b - d + 4 - 2*b**2. Give n(s).
-2
Let t(j) be the third derivative of 1/20*j**5 + 0 + 0*j - 1/120*j**6 + 1/12*j**4 - 1/2*j**3 + 2*j**2. Calculate t(3).
3
Let p(n) be the first derivative of 3*n**2/2 - n - 1. Suppose -5*k + 5*v = -15, 6 = k - 0*v - 4*v. Give p(k).
5
Let a(d) = -d**2 - d. Suppose -4*q + 10 = -2*q. Suppose -4*v = -1 + q. Give a(v).
0
Let s(h) = -h**2 - 4*h + 2. Let t = -5 - -8. Suppose 3*i = 3*z, -z - 25 = -3*i - t*z. Suppose v - i = 2*v. Give s(v).
-3
Let p be 6 - (-4 + 7) - 1. Let i(h) = 84*h**2 - 84*h**2 + p*h**3. Determine i(-1).
-2
Let o(j) = -j - 9. Let r be o(-6). Let w(q) = q**3 + 3*q**2 - 3*q - 3. Give w(r).
6
Let l(c) be the first derivative of -c**4/4 + 2*c**3 - c**2 - 4*c - 4. Give l(6).
-16
Let p(l) = l**2 + 6*l + 2. Suppose 9 = 3*y - 9. Suppose 0 = -5*d + 5*q - 10, d - 4*q = y + 1. Calculate p(d).
-3
Let h(u) = -u**3 + 5*u**2 + 5*u + 5. Let q = -121 + 127. Give h(q).
-1
Let k(b) = -b**3 + 8*b**2 - 5*b - 10. Let r be k(7). Suppose 5*t = r*t + 6. Let n(v) = -v**3 + 7*v**2 - 8*v + 9. Give n(t).
-3
Suppose -5*p + 38 = 23. Let b(j) be the first derivative of -1 + 3*j - 1/4*j**4 - 3*j**2 + 5/3*j**p. Calculate b(4).
-5
Suppose 0 = r + 4*r + 50. Let s = r + 4. Let v(b) be the first derivative of -b**3/3 - 7*b**2/2 - 7*b + 2. Calculate v(s).
-1
Let a = 16 - 18. Let q(x) = x**2 - 4*x - 3. Calculate q(a).
9
Let a = -28 + 14. Let t = a + 10. Let i(k) = k**2 + 2*k - 2. What is i(t)?
6
Let y(c) = 29 - 61 - 4*c**2 + 31 + 2*c. Let o = 2 - 1. What is y(o)?
-3
Let q = 26 + -18. Let d(g) = -g**3 + 9*g**2 - 8*g + 1. Let y be d(q). Let l(f) = -2*f - 1. Determine l(y).
-3
Suppose 4*c = g - 14, g + 10 = -0*c - 2*c. Let k(l) = -14*l**2 + 15*l**2 + 4*l + 0*l - 2. What is k(c)?
-2
Let w(a) be the second derivative of a**4/12 + 2*a**3/3 + a**2 + 24*a. Determine w(-5).
7
Let z = -6 + 2. Let v(y) be the third derivative of -y**5/60 - y**4/12 + y**3/6 - 36*y**2. Determine v(z).
-7
Suppose 0*j - 26 = -5*g + 4*j, 3*g = -3*j - 6. Suppose x - 6*x = g*v + 5, v + 5 = -5*x. Let h(s) = -4*s**2 + s. Give h(x).
-5
Let z(h) be the third derivative of -h**4/24 + h**3/3 + h**2. Let o(f) = f - 12. Let u be o(14). What is z(u)?
0
Let s(z) = 6*z + z - 5*z + 1. Give s(1).
3
Let l(i) be the first derivative of -i**5/60 - i**4/6 - i**3/3 - 3*i**2 - 6. Let f(y) be the second derivative of l(y). Determine f(-5).
-7
Let u(q) be the second derivative of -q**5/20 + q**4/2 - q**3/2 - 4*q. Give u(5).
10
Le